{"id":18297,"date":"2025-05-14T09:08:38","date_gmt":"2025-05-14T07:08:38","guid":{"rendered":"https:\/\/www.iamslip.com\/?post_type=product&#038;p=18297"},"modified":"2025-10-17T19:48:38","modified_gmt":"2025-10-17T17:48:38","slug":"mvp","status":"publish","type":"product","link":"https:\/\/www.iamslip.com\/?product=mvp","title":{"rendered":"MVP"},"content":{"rendered":"<h2>MVP<\/h2>\n<h3>DD-SLP64<\/h3>\n<p data-start=\"203\" data-end=\"395\"><strong data-start=\"203\" data-end=\"221\">Six titres NBA<\/strong>, <strong data-start=\"223\" data-end=\"246\">six troph\u00e9es de MVP<\/strong>, le record de points sur des d\u00e9cennies\u2026 <strong data-start=\"287\" data-end=\"310\">Kareem Abdul-Jabbar<\/strong> n\u2019est pas seulement une l\u00e9gende : il est un <strong data-start=\"355\" data-end=\"392\">pilier sacr\u00e9 de l\u2019histoire du jeu<\/strong>.<\/p>\n<p data-start=\"397\" data-end=\"659\">Avec <strong data-start=\"402\" data-end=\"411\">\u00ab\u00a0MVP\u00a0\u00bb<\/strong>, SLip \u00e9l\u00e8ve Kareem au rang de <strong data-start=\"442\" data-end=\"461\">saint du basket<\/strong>, dans une composition inspir\u00e9e des <strong data-start=\"497\" data-end=\"514\">ic\u00f4nes russes<\/strong>. Le regard calme, le sky hook devenu aur\u00e9ole, et une stature au-dessus des \u00e9poques, cette carte rend hommage \u00e0 l\u2019homme, au joueur, au symbole.<\/p>\n<p data-start=\"661\" data-end=\"767\">C\u2019est plus qu\u2019un hommage : c\u2019est une v\u00e9n\u00e9ration artistique \u00e0 l\u2019un des <strong data-start=\"731\" data-end=\"764\">plus grands de tous les temps<\/strong>.<\/p>\n<p data-start=\"769\" data-end=\"1010\">\ud83d\udd39 <strong data-start=\"772\" data-end=\"855\">S\u00e9rie Double Double \u2013 Les figures du basket revisit\u00e9es comme des ic\u00f4nes sacr\u00e9es<\/strong><br data-start=\"855\" data-end=\"858\" \/>\ud83d\udd39 <strong data-start=\"861\" data-end=\"873\">Format :<\/strong> 8,9 x 6,4 cm (style carte de collection)<br data-start=\"914\" data-end=\"917\" \/>\ud83d\udd39 <strong data-start=\"920\" data-end=\"951\">Impression de haute qualit\u00e9<\/strong><br data-start=\"951\" data-end=\"954\" \/>\ud83d\udd39 <strong data-start=\"957\" data-end=\"1008\">Exp\u00e9dition prot\u00e9g\u00e9e (sleeve &amp; toploader inclus)<\/strong><\/p>\n<p data-start=\"1012\" data-end=\"1088\" data-is-last-node=\"\" data-is-only-node=\"\">\ud83c\udfc0 <strong data-start=\"1015\" data-end=\"1082\">Une carte pour ceux qui placent le Sky Hook au panth\u00e9on du jeu.<\/strong> \ud83d\ude4f\u26ea\ud83d\udd25<\/p>\n<p>&nbsp;<\/p>\n<p>&nbsp;<\/p>\n<p>&nbsp;<\/p>\n<p>&nbsp;<\/p>\n<p>&nbsp;<\/p>\n<p>&nbsp;<\/p>\n<p>&nbsp;<\/p>\n<p>&nbsp;<\/p>\n<p>&nbsp;<\/p>\n<p>&nbsp;<\/p>\n<p>&nbsp;<\/p>\n","protected":false},"excerpt":{"rendered":"<p>MVP DD-SLP64 Six titres NBA, six troph\u00e9es de MVP, le record de points sur des d\u00e9cennies\u2026 Kareem Abdul-Jabbar n\u2019est pas seulement une l\u00e9gende : il est un pilier sacr\u00e9 de l\u2019histoire du jeu. Avec \u00ab\u00a0MVP\u00a0\u00bb, SLip \u00e9l\u00e8ve Kareem au rang de saint du basket, dans une composition inspir\u00e9e des ic\u00f4nes russes. Le regard calme, le [&hellip;]<\/p>\n","protected":false},"featured_media":18300,"template":"","meta":{"_crdt_document":"","_uag_custom_page_level_css":"","_swt_meta_header_display":false,"_swt_meta_footer_display":false,"_swt_meta_site_title_display":false,"_swt_meta_sticky_header":false,"_swt_meta_transparent_header":false},"product_brand":[],"product_cat":[5099],"product_tag":[5105,5133,5455,5122,5153],"class_list":{"0":"post-18297","1":"product","2":"type-product","3":"status-publish","4":"has-post-thumbnail","6":"product_cat-cartes-double-double","7":"product_tag-doubledouble","8":"product_tag-jabbar","9":"product_tag-kareem","10":"product_tag-lakers","11":"product_tag-mvp","12":"product_shipping_class-cartes","14":"first","15":"instock","16":"shipping-taxable","17":"purchasable","18":"product-type-simple"},"uagb_featured_image_src":{"full":["https:\/\/www.iamslip.com\/wp-content\/uploads\/2025\/05\/mockup_carte_slabDD64.jpg",736,924,false],"thumbnail":["https:\/\/www.iamslip.com\/wp-content\/uploads\/2025\/05\/mockup_carte_slabDD64-150x150.jpg",150,150,true],"medium":["https:\/\/www.iamslip.com\/wp-content\/uploads\/2025\/05\/mockup_carte_slabDD64-239x300.jpg",239,300,true],"medium_large":["https:\/\/www.iamslip.com\/wp-content\/uploads\/2025\/05\/mockup_carte_slabDD64.jpg",736,924,false],"large":["https:\/\/www.iamslip.com\/wp-content\/uploads\/2025\/05\/mockup_carte_slabDD64.jpg",736,924,false],"1536x1536":["https:\/\/www.iamslip.com\/wp-content\/uploads\/2025\/05\/mockup_carte_slabDD64.jpg",736,924,false],"2048x2048":["https:\/\/www.iamslip.com\/wp-content\/uploads\/2025\/05\/mockup_carte_slabDD64.jpg",736,924,false],"woocommerce_thumbnail":["https:\/\/www.iamslip.com\/wp-content\/uploads\/2025\/05\/mockup_carte_slabDD64-300x300.jpg",300,300,true],"woocommerce_single":["https:\/\/www.iamslip.com\/wp-content\/uploads\/2025\/05\/mockup_carte_slabDD64-600x753.jpg",600,753,true],"woocommerce_gallery_thumbnail":["https:\/\/www.iamslip.com\/wp-content\/uploads\/2025\/05\/mockup_carte_slabDD64-100x100.jpg",100,100,true]},"uagb_author_info":{"display_name":"slip","author_link":"https:\/\/www.iamslip.com\/?author=0"},"uagb_comment_info":0,"uagb_excerpt":"MVP DD-SLP64 Six titres NBA, six troph\u00e9es de MVP, le record de points sur des d\u00e9cennies\u2026 Kareem Abdul-Jabbar n\u2019est pas seulement une l\u00e9gende : il est un pilier sacr\u00e9 de l\u2019histoire du jeu. Avec \u00ab\u00a0MVP\u00a0\u00bb, SLip \u00e9l\u00e8ve Kareem au rang de saint du basket, dans une composition inspir\u00e9e des ic\u00f4nes russes. Le regard calme, le\u2026","_links":{"self":[{"href":"https:\/\/www.iamslip.com\/index.php?rest_route=\/wp\/v2\/product\/18297","targetHints":{"allow":["GET"]}}],"collection":[{"href":"https:\/\/www.iamslip.com\/index.php?rest_route=\/wp\/v2\/product"}],"about":[{"href":"https:\/\/www.iamslip.com\/index.php?rest_route=\/wp\/v2\/types\/product"}],"wp:featuredmedia":[{"embeddable":true,"href":"https:\/\/www.iamslip.com\/index.php?rest_route=\/wp\/v2\/media\/18300"}],"wp:attachment":[{"href":"https:\/\/www.iamslip.com\/index.php?rest_route=%2Fwp%2Fv2%2Fmedia&parent=18297"}],"wp:term":[{"taxonomy":"product_brand","embeddable":true,"href":"https:\/\/www.iamslip.com\/index.php?rest_route=%2Fwp%2Fv2%2Fproduct_brand&post=18297"},{"taxonomy":"product_cat","embeddable":true,"href":"https:\/\/www.iamslip.com\/index.php?rest_route=%2Fwp%2Fv2%2Fproduct_cat&post=18297"},{"taxonomy":"product_tag","embeddable":true,"href":"https:\/\/www.iamslip.com\/index.php?rest_route=%2Fwp%2Fv2%2Fproduct_tag&post=18297"}],"curies":[{"name":"wp","href":"https:\/\/api.w.org\/{rel}","templated":true}]}}