{"id":18276,"date":"2025-05-14T09:08:39","date_gmt":"2025-05-14T07:08:39","guid":{"rendered":"https:\/\/www.iamslip.com\/?post_type=product&#038;p=18276"},"modified":"2025-09-26T08:06:33","modified_gmt":"2025-09-26T06:06:33","slug":"et-la-tas-mal","status":"publish","type":"product","link":"https:\/\/www.iamslip.com\/?product=et-la-tas-mal","title":{"rendered":"Et l\u00e0, t&rsquo;as mal ?"},"content":{"rendered":"<h2>Et l\u00e0, t&rsquo;as mal ?<\/h2>\n<h3>DD-SLP51<\/h3>\n<p data-start=\"221\" data-end=\"474\">Talent pur, \u00e9l\u00e9gance naturelle, QI basket hors norme&#8230; <strong data-start=\"277\" data-end=\"291\">Grant Hill<\/strong> avait tout pour devenir une l\u00e9gende incontest\u00e9e de la NBA. Mais les blessures \u00e0 r\u00e9p\u00e9tition ont transform\u00e9 sa carri\u00e8re en <strong data-start=\"413\" data-end=\"447\">l\u2019un des plus grands \u00ab\u00a0what if\u00a0\u00bb<\/strong> de l\u2019histoire du basket.<\/p>\n<p data-start=\"476\" data-end=\"726\">Avec <strong data-start=\"481\" data-end=\"504\">\u00ab\u00a0Et l\u00e0, t\u2019as mal ?\u00a0\u00bb<\/strong>, SLip rend hommage \u00e0 <strong data-start=\"526\" data-end=\"556\">ce joueur \u00e0 la gr\u00e2ce folle<\/strong>, \u00e9ternel espoir entrav\u00e9 par son propre corps. Une carte entre admiration et frustration, o\u00f9 l\u2019art classique illustre la fragilit\u00e9 d\u2019un destin qui aurait pu \u00eatre royal.<\/p>\n<p data-start=\"728\" data-end=\"962\">\ud83d\udd39 <strong data-start=\"731\" data-end=\"807\">S\u00e9rie Double Double \u2013 Quand le basket et l\u2019histoire de l\u2019art se croisent<\/strong><br data-start=\"807\" data-end=\"810\" \/>\ud83d\udd39 <strong data-start=\"813\" data-end=\"825\">Format :<\/strong> 8,9 x 6,4 cm (style carte de collection)<br data-start=\"866\" data-end=\"869\" \/>\ud83d\udd39 <strong data-start=\"872\" data-end=\"903\">Impression de haute qualit\u00e9<\/strong><br data-start=\"903\" data-end=\"906\" \/>\ud83d\udd39 <strong data-start=\"909\" data-end=\"960\" data-is-only-node=\"\">Exp\u00e9dition prot\u00e9g\u00e9e (sleeve &amp; toploader inclus)<\/strong><\/p>\n<p data-start=\"964\" data-end=\"1071\" data-is-last-node=\"\" data-is-only-node=\"\">\ud83c\udfc0 <strong data-start=\"967\" data-end=\"1066\">Une carte pour ceux qui se demandent encore ce qu\u2019aurait pu \u00eatre Grant Hill&#8230; en pleine sant\u00e9.<\/strong> \ud83d\ude14\ud83d\udd25<\/p>\n<p>&nbsp;<\/p>\n<p>&nbsp;<\/p>\n<p>&nbsp;<\/p>\n<p>&nbsp;<\/p>\n<p>&nbsp;<\/p>\n<p>&nbsp;<\/p>\n","protected":false},"excerpt":{"rendered":"<p>Et l\u00e0, t&rsquo;as mal ? DD-SLP51 Talent pur, \u00e9l\u00e9gance naturelle, QI basket hors norme&#8230; Grant Hill avait tout pour devenir une l\u00e9gende incontest\u00e9e de la NBA. Mais les blessures \u00e0 r\u00e9p\u00e9tition ont transform\u00e9 sa carri\u00e8re en l\u2019un des plus grands \u00ab\u00a0what if\u00a0\u00bb de l\u2019histoire du basket. Avec \u00ab\u00a0Et l\u00e0, t\u2019as mal ?\u00a0\u00bb, SLip rend hommage [&hellip;]<\/p>\n","protected":false},"featured_media":18277,"template":"","meta":{"_crdt_document":"","_uag_custom_page_level_css":"","_swt_meta_header_display":false,"_swt_meta_footer_display":false,"_swt_meta_site_title_display":false,"_swt_meta_sticky_header":false,"_swt_meta_transparent_header":false},"product_brand":[],"product_cat":[5099],"product_tag":[5441,5105,5181,5182,5166,5442],"class_list":{"0":"post-18276","1":"product","2":"type-product","3":"status-publish","4":"has-post-thumbnail","6":"product_cat-cartes-double-double","7":"product_tag-blessure","8":"product_tag-doubledouble","9":"product_tag-grant","10":"product_tag-hill","11":"product_tag-orlando","12":"product_tag-whatif","13":"product_shipping_class-cartes","15":"first","16":"instock","17":"shipping-taxable","18":"purchasable","19":"product-type-simple"},"uagb_featured_image_src":{"full":["https:\/\/www.iamslip.com\/wp-content\/uploads\/2025\/05\/mockup_carte_slabDD52.jpg",736,924,false],"thumbnail":["https:\/\/www.iamslip.com\/wp-content\/uploads\/2025\/05\/mockup_carte_slabDD52-150x150.jpg",150,150,true],"medium":["https:\/\/www.iamslip.com\/wp-content\/uploads\/2025\/05\/mockup_carte_slabDD52-239x300.jpg",239,300,true],"medium_large":["https:\/\/www.iamslip.com\/wp-content\/uploads\/2025\/05\/mockup_carte_slabDD52.jpg",736,924,false],"large":["https:\/\/www.iamslip.com\/wp-content\/uploads\/2025\/05\/mockup_carte_slabDD52.jpg",736,924,false],"1536x1536":["https:\/\/www.iamslip.com\/wp-content\/uploads\/2025\/05\/mockup_carte_slabDD52.jpg",736,924,false],"2048x2048":["https:\/\/www.iamslip.com\/wp-content\/uploads\/2025\/05\/mockup_carte_slabDD52.jpg",736,924,false],"woocommerce_thumbnail":["https:\/\/www.iamslip.com\/wp-content\/uploads\/2025\/05\/mockup_carte_slabDD52-300x300.jpg",300,300,true],"woocommerce_single":["https:\/\/www.iamslip.com\/wp-content\/uploads\/2025\/05\/mockup_carte_slabDD52-600x753.jpg",600,753,true],"woocommerce_gallery_thumbnail":["https:\/\/www.iamslip.com\/wp-content\/uploads\/2025\/05\/mockup_carte_slabDD52-100x100.jpg",100,100,true]},"uagb_author_info":{"display_name":"slip","author_link":"https:\/\/www.iamslip.com\/?author=0"},"uagb_comment_info":0,"uagb_excerpt":"Et l\u00e0, t&rsquo;as mal ? DD-SLP51 Talent pur, \u00e9l\u00e9gance naturelle, QI basket hors norme&#8230; Grant Hill avait tout pour devenir une l\u00e9gende incontest\u00e9e de la NBA. Mais les blessures \u00e0 r\u00e9p\u00e9tition ont transform\u00e9 sa carri\u00e8re en l\u2019un des plus grands \u00ab\u00a0what if\u00a0\u00bb de l\u2019histoire du basket. Avec \u00ab\u00a0Et l\u00e0, t\u2019as mal ?\u00a0\u00bb, SLip rend hommage\u2026","_links":{"self":[{"href":"https:\/\/www.iamslip.com\/index.php?rest_route=\/wp\/v2\/product\/18276","targetHints":{"allow":["GET"]}}],"collection":[{"href":"https:\/\/www.iamslip.com\/index.php?rest_route=\/wp\/v2\/product"}],"about":[{"href":"https:\/\/www.iamslip.com\/index.php?rest_route=\/wp\/v2\/types\/product"}],"wp:featuredmedia":[{"embeddable":true,"href":"https:\/\/www.iamslip.com\/index.php?rest_route=\/wp\/v2\/media\/18277"}],"wp:attachment":[{"href":"https:\/\/www.iamslip.com\/index.php?rest_route=%2Fwp%2Fv2%2Fmedia&parent=18276"}],"wp:term":[{"taxonomy":"product_brand","embeddable":true,"href":"https:\/\/www.iamslip.com\/index.php?rest_route=%2Fwp%2Fv2%2Fproduct_brand&post=18276"},{"taxonomy":"product_cat","embeddable":true,"href":"https:\/\/www.iamslip.com\/index.php?rest_route=%2Fwp%2Fv2%2Fproduct_cat&post=18276"},{"taxonomy":"product_tag","embeddable":true,"href":"https:\/\/www.iamslip.com\/index.php?rest_route=%2Fwp%2Fv2%2Fproduct_tag&post=18276"}],"curies":[{"name":"wp","href":"https:\/\/api.w.org\/{rel}","templated":true}]}}