{"id":18240,"date":"2025-05-10T18:31:33","date_gmt":"2025-05-10T16:31:33","guid":{"rendered":"https:\/\/www.iamslip.com\/?post_type=product&#038;p=18240"},"modified":"2025-06-29T07:49:53","modified_gmt":"2025-06-29T05:49:53","slug":"nike-air-trainer-1","status":"publish","type":"product","link":"https:\/\/www.iamslip.com\/?product=nike-air-trainer-1","title":{"rendered":"Nike Air Trainer 1"},"content":{"rendered":"<h2>SNKR-SLP14<\/h2>\n<h2>Nike Air Trainer 1<\/h2>\n<p data-start=\"189\" data-end=\"473\">Sortie en <strong data-start=\"199\" data-end=\"207\">1987<\/strong>, la <strong data-start=\"212\" data-end=\"234\">Nike Air Trainer 1<\/strong> bouscule les r\u00e8gles : c\u2019est la <strong data-start=\"266\" data-end=\"316\">premi\u00e8re sneaker pens\u00e9e pour le cross-training<\/strong>, con\u00e7ue pour <strong data-start=\"330\" data-end=\"365\">tout faire avec une seule paire<\/strong>. Port\u00e9e par <strong data-start=\"378\" data-end=\"394\">John McEnroe<\/strong>, elle incarne l\u2019esprit rebelle et la soif de libert\u00e9 des athl\u00e8tes hors normes.<\/p>\n<p data-start=\"475\" data-end=\"633\">Avec cette carte <strong data-start=\"492\" data-end=\"506\">SNKR-SLP14<\/strong>, SLip rend hommage \u00e0 ce mod\u00e8le culte qui a ouvert la voie \u00e0 une nouvelle mani\u00e8re de concevoir la performance&#8230; et le style.<\/p>\n<p data-start=\"635\" data-end=\"856\">\ud83d\udd39 <strong data-start=\"638\" data-end=\"701\">S\u00e9rie SNKR \u2013 Les paires iconiques du sport et de la culture<\/strong><br data-start=\"701\" data-end=\"704\" \/>\ud83d\udd39 <strong data-start=\"707\" data-end=\"719\">Format :<\/strong> 8,9 x 6,4 cm (style carte de collection)<br data-start=\"760\" data-end=\"763\" \/>\ud83d\udd39 <strong data-start=\"766\" data-end=\"797\">Impression de haute qualit\u00e9<\/strong><br data-start=\"797\" data-end=\"800\" \/>\ud83d\udd39 <strong data-start=\"803\" data-end=\"854\" data-is-only-node=\"\">Exp\u00e9dition prot\u00e9g\u00e9e (sleeve &amp; toploader inclus)<\/strong><\/p>\n<p data-start=\"858\" data-end=\"951\" data-is-last-node=\"\" data-is-only-node=\"\">\ud83d\udc5f <strong data-start=\"861\" data-end=\"951\" data-is-last-node=\"\">Un classique revisit\u00e9 fa\u00e7on collage pour les fans de sneakers, de style et d\u2019histoire.<\/strong><\/p>\n<p>&nbsp;<\/p>\n","protected":false},"excerpt":{"rendered":"<p>SNKR-SLP14 Nike Air Trainer 1 Sortie en 1987, la Nike Air Trainer 1 bouscule les r\u00e8gles : c\u2019est la premi\u00e8re sneaker pens\u00e9e pour le cross-training, con\u00e7ue pour tout faire avec une seule paire. Port\u00e9e par John McEnroe, elle incarne l\u2019esprit rebelle et la soif de libert\u00e9 des athl\u00e8tes hors normes. Avec cette carte SNKR-SLP14, SLip [&hellip;]<\/p>\n","protected":false},"featured_media":18272,"template":"","meta":{"_crdt_document":"","_uag_custom_page_level_css":"","_swt_meta_header_display":false,"_swt_meta_footer_display":false,"_swt_meta_site_title_display":false,"_swt_meta_sticky_header":false,"_swt_meta_transparent_header":false},"product_brand":[],"product_cat":[5100],"product_tag":[5423,5425,5421,5424,5169,5167,5426,5422],"class_list":{"0":"post-18240","1":"product","2":"type-product","3":"status-publish","4":"has-post-thumbnail","6":"product_cat-cartes-sneakers","7":"product_tag-5423","8":"product_tag-agassi","9":"product_tag-air","10":"product_tag-mcenroe","11":"product_tag-nike","12":"product_tag-sneakers","13":"product_tag-tennis","14":"product_tag-trainer","15":"product_shipping_class-cartes","17":"first","18":"instock","19":"shipping-taxable","20":"purchasable","21":"product-type-simple"},"uagb_featured_image_src":{"full":["https:\/\/www.iamslip.com\/wp-content\/uploads\/2025\/05\/mockup_carte_slabSNKR14.jpg",736,924,false],"thumbnail":["https:\/\/www.iamslip.com\/wp-content\/uploads\/2025\/05\/mockup_carte_slabSNKR14-150x150.jpg",150,150,true],"medium":["https:\/\/www.iamslip.com\/wp-content\/uploads\/2025\/05\/mockup_carte_slabSNKR14-239x300.jpg",239,300,true],"medium_large":["https:\/\/www.iamslip.com\/wp-content\/uploads\/2025\/05\/mockup_carte_slabSNKR14.jpg",736,924,false],"large":["https:\/\/www.iamslip.com\/wp-content\/uploads\/2025\/05\/mockup_carte_slabSNKR14.jpg",736,924,false],"1536x1536":["https:\/\/www.iamslip.com\/wp-content\/uploads\/2025\/05\/mockup_carte_slabSNKR14.jpg",736,924,false],"2048x2048":["https:\/\/www.iamslip.com\/wp-content\/uploads\/2025\/05\/mockup_carte_slabSNKR14.jpg",736,924,false],"woocommerce_thumbnail":["https:\/\/www.iamslip.com\/wp-content\/uploads\/2025\/05\/mockup_carte_slabSNKR14-300x300.jpg",300,300,true],"woocommerce_single":["https:\/\/www.iamslip.com\/wp-content\/uploads\/2025\/05\/mockup_carte_slabSNKR14-600x753.jpg",600,753,true],"woocommerce_gallery_thumbnail":["https:\/\/www.iamslip.com\/wp-content\/uploads\/2025\/05\/mockup_carte_slabSNKR14-100x100.jpg",100,100,true]},"uagb_author_info":{"display_name":"slip","author_link":"https:\/\/www.iamslip.com\/?author=0"},"uagb_comment_info":0,"uagb_excerpt":"SNKR-SLP14 Nike Air Trainer 1 Sortie en 1987, la Nike Air Trainer 1 bouscule les r\u00e8gles : c\u2019est la premi\u00e8re sneaker pens\u00e9e pour le cross-training, con\u00e7ue pour tout faire avec une seule paire. Port\u00e9e par John McEnroe, elle incarne l\u2019esprit rebelle et la soif de libert\u00e9 des athl\u00e8tes hors normes. Avec cette carte SNKR-SLP14, SLip\u2026","_links":{"self":[{"href":"https:\/\/www.iamslip.com\/index.php?rest_route=\/wp\/v2\/product\/18240","targetHints":{"allow":["GET"]}}],"collection":[{"href":"https:\/\/www.iamslip.com\/index.php?rest_route=\/wp\/v2\/product"}],"about":[{"href":"https:\/\/www.iamslip.com\/index.php?rest_route=\/wp\/v2\/types\/product"}],"wp:featuredmedia":[{"embeddable":true,"href":"https:\/\/www.iamslip.com\/index.php?rest_route=\/wp\/v2\/media\/18272"}],"wp:attachment":[{"href":"https:\/\/www.iamslip.com\/index.php?rest_route=%2Fwp%2Fv2%2Fmedia&parent=18240"}],"wp:term":[{"taxonomy":"product_brand","embeddable":true,"href":"https:\/\/www.iamslip.com\/index.php?rest_route=%2Fwp%2Fv2%2Fproduct_brand&post=18240"},{"taxonomy":"product_cat","embeddable":true,"href":"https:\/\/www.iamslip.com\/index.php?rest_route=%2Fwp%2Fv2%2Fproduct_cat&post=18240"},{"taxonomy":"product_tag","embeddable":true,"href":"https:\/\/www.iamslip.com\/index.php?rest_route=%2Fwp%2Fv2%2Fproduct_tag&post=18240"}],"curies":[{"name":"wp","href":"https:\/\/api.w.org\/{rel}","templated":true}]}}