{"id":18144,"date":"2025-03-29T08:02:57","date_gmt":"2025-03-29T07:02:57","guid":{"rendered":"https:\/\/www.iamslip.com\/?post_type=product&#038;p=18144"},"modified":"2025-05-10T18:57:49","modified_gmt":"2025-05-10T16:57:49","slug":"bill-russell-bob-cousy","status":"publish","type":"product","link":"https:\/\/www.iamslip.com\/?product=bill-russell-bob-cousy","title":{"rendered":"Bill Russell &#038; Bob Cousy"},"content":{"rendered":"<p class=\"\" data-start=\"219\" data-end=\"397\">Avant les superteams et les dynasties modernes, il y avait <strong data-start=\"278\" data-end=\"306\">Bill Russell &amp; Bob Cousy<\/strong>, le duo qui a <strong data-start=\"321\" data-end=\"347\">r\u00e9volutionn\u00e9 le basket<\/strong> et construit la l\u00e9gende des <strong data-start=\"376\" data-end=\"394\">Boston Celtics<\/strong>.<\/p>\n<p class=\"\" data-start=\"399\" data-end=\"666\">\ud83d\udd39 <strong data-start=\"402\" data-end=\"415\">Bob Cousy<\/strong>, le magicien du dribble et des passes, a red\u00e9fini le jeu offensif avec sa vision et son style spectaculaire.<br data-start=\"524\" data-end=\"527\" \/>\ud83d\udd39 <strong data-start=\"530\" data-end=\"546\">Bill Russell<\/strong>, l\u2019ultime d\u00e9fenseur et leader, a impos\u00e9 une domination sans pr\u00e9c\u00e9dent dans la raquette, remportant <strong data-start=\"646\" data-end=\"663\">11 titres NBA<\/strong>.<\/p>\n<p class=\"\" data-start=\"668\" data-end=\"877\">\u00c0 eux deux, ils ont form\u00e9 <strong data-start=\"694\" data-end=\"733\">l\u2019un des premiers tandems iconiques<\/strong> du basket, posant les bases du jeu collectif et du succ\u00e8s en NBA. Une carte <strong data-start=\"810\" data-end=\"839\">historique et essentielle<\/strong> pour tout collectionneur passionn\u00e9.<\/p>\n<p class=\"\" data-start=\"879\" data-end=\"1088\">\ud83d\udd39 <strong data-start=\"882\" data-end=\"933\">S\u00e9rie Iconic Duo \u2013 Les duos mythiques de la NBA<\/strong><br data-start=\"933\" data-end=\"936\" \/>\ud83d\udd39 <strong data-start=\"939\" data-end=\"951\">Format :<\/strong> 8,9 x 6,4 cm (style carte de collection)<br data-start=\"992\" data-end=\"995\" \/>\ud83d\udd39 <strong data-start=\"998\" data-end=\"1029\">Impression de haute qualit\u00e9<\/strong><br data-start=\"1029\" data-end=\"1032\" \/>\ud83d\udd39 <strong data-start=\"1035\" data-end=\"1086\">Exp\u00e9dition prot\u00e9g\u00e9e (sleeve &amp; toploader inclus)<\/strong><\/p>\n<p class=\"\" data-start=\"1090\" data-end=\"1159\">\ud83c\udfc0 <strong data-start=\"1093\" data-end=\"1154\">Un hommage aux architectes de la domination des Celtics !<\/strong> \u2618\ufe0f\ud83d\udd25<\/p>\n","protected":false},"excerpt":{"rendered":"<p>Avant les superteams et les dynasties modernes, il y avait Bill Russell &amp; Bob Cousy, le duo qui a r\u00e9volutionn\u00e9 le basket et construit la l\u00e9gende des Boston Celtics. \ud83d\udd39 Bob Cousy, le magicien du dribble et des passes, a red\u00e9fini le jeu offensif avec sa vision et son style spectaculaire.\ud83d\udd39 Bill Russell, l\u2019ultime d\u00e9fenseur [&hellip;]<\/p>\n","protected":false},"featured_media":18145,"template":"","meta":{"_crdt_document":"","_uag_custom_page_level_css":"","_swt_meta_header_display":false,"_swt_meta_footer_display":false,"_swt_meta_site_title_display":false,"_swt_meta_sticky_header":false,"_swt_meta_transparent_header":false},"product_brand":[],"product_cat":[5119],"product_tag":[5331,5332,5334,5124,5123,5333],"class_list":{"0":"post-18144","1":"product","2":"type-product","3":"status-publish","4":"has-post-thumbnail","6":"product_cat-cartes-nba-duo","7":"product_tag-boston","8":"product_tag-celtics","9":"product_tag-cousy","10":"product_tag-duo","11":"product_tag-iconic","12":"product_tag-russell","13":"product_shipping_class-cartes","15":"first","16":"outofstock","17":"shipping-taxable","18":"purchasable","19":"product-type-simple"},"uagb_featured_image_src":{"full":["https:\/\/www.iamslip.com\/wp-content\/uploads\/2025\/03\/mockup_carte_slab_cousy_russell.jpg",736,924,false],"thumbnail":["https:\/\/www.iamslip.com\/wp-content\/uploads\/2025\/03\/mockup_carte_slab_cousy_russell-150x150.jpg",150,150,true],"medium":["https:\/\/www.iamslip.com\/wp-content\/uploads\/2025\/03\/mockup_carte_slab_cousy_russell-239x300.jpg",239,300,true],"medium_large":["https:\/\/www.iamslip.com\/wp-content\/uploads\/2025\/03\/mockup_carte_slab_cousy_russell.jpg",736,924,false],"large":["https:\/\/www.iamslip.com\/wp-content\/uploads\/2025\/03\/mockup_carte_slab_cousy_russell.jpg",736,924,false],"1536x1536":["https:\/\/www.iamslip.com\/wp-content\/uploads\/2025\/03\/mockup_carte_slab_cousy_russell.jpg",736,924,false],"2048x2048":["https:\/\/www.iamslip.com\/wp-content\/uploads\/2025\/03\/mockup_carte_slab_cousy_russell.jpg",736,924,false],"woocommerce_thumbnail":["https:\/\/www.iamslip.com\/wp-content\/uploads\/2025\/03\/mockup_carte_slab_cousy_russell-300x300.jpg",300,300,true],"woocommerce_single":["https:\/\/www.iamslip.com\/wp-content\/uploads\/2025\/03\/mockup_carte_slab_cousy_russell-600x753.jpg",600,753,true],"woocommerce_gallery_thumbnail":["https:\/\/www.iamslip.com\/wp-content\/uploads\/2025\/03\/mockup_carte_slab_cousy_russell-100x100.jpg",100,100,true]},"uagb_author_info":{"display_name":"slip","author_link":"https:\/\/www.iamslip.com\/?author=0"},"uagb_comment_info":0,"uagb_excerpt":"Avant les superteams et les dynasties modernes, il y avait Bill Russell &amp; Bob Cousy, le duo qui a r\u00e9volutionn\u00e9 le basket et construit la l\u00e9gende des Boston Celtics. \ud83d\udd39 Bob Cousy, le magicien du dribble et des passes, a red\u00e9fini le jeu offensif avec sa vision et son style spectaculaire.\ud83d\udd39 Bill Russell, l\u2019ultime d\u00e9fenseur\u2026","_links":{"self":[{"href":"https:\/\/www.iamslip.com\/index.php?rest_route=\/wp\/v2\/product\/18144","targetHints":{"allow":["GET"]}}],"collection":[{"href":"https:\/\/www.iamslip.com\/index.php?rest_route=\/wp\/v2\/product"}],"about":[{"href":"https:\/\/www.iamslip.com\/index.php?rest_route=\/wp\/v2\/types\/product"}],"wp:featuredmedia":[{"embeddable":true,"href":"https:\/\/www.iamslip.com\/index.php?rest_route=\/wp\/v2\/media\/18145"}],"wp:attachment":[{"href":"https:\/\/www.iamslip.com\/index.php?rest_route=%2Fwp%2Fv2%2Fmedia&parent=18144"}],"wp:term":[{"taxonomy":"product_brand","embeddable":true,"href":"https:\/\/www.iamslip.com\/index.php?rest_route=%2Fwp%2Fv2%2Fproduct_brand&post=18144"},{"taxonomy":"product_cat","embeddable":true,"href":"https:\/\/www.iamslip.com\/index.php?rest_route=%2Fwp%2Fv2%2Fproduct_cat&post=18144"},{"taxonomy":"product_tag","embeddable":true,"href":"https:\/\/www.iamslip.com\/index.php?rest_route=%2Fwp%2Fv2%2Fproduct_tag&post=18144"}],"curies":[{"name":"wp","href":"https:\/\/api.w.org\/{rel}","templated":true}]}}