{"id":17798,"date":"2025-05-14T09:08:39","date_gmt":"2025-05-14T07:08:39","guid":{"rendered":"https:\/\/www.iamslip.com\/?post_type=product&#038;p=17798"},"modified":"2025-12-05T12:07:34","modified_gmt":"2025-12-05T11:07:34","slug":"french-touch","status":"publish","type":"product","link":"https:\/\/www.iamslip.com\/?product=french-touch","title":{"rendered":"French Touch"},"content":{"rendered":"<h2 class=\"product-title\">French Touch<\/h2>\n<h3>DD-SLP17<\/h3>\n<p data-start=\"234\" data-end=\"500\"><strong data-start=\"234\" data-end=\"255\">Antoine Rigaudeau<\/strong>, l\u2019un des meilleurs basketteurs fran\u00e7ais de son \u00e9poque, a tent\u00e9 l\u2019aventure NBA en 2003 avec les <strong data-start=\"352\" data-end=\"372\">Dallas Mavericks<\/strong>. Mais entre <strong data-start=\"385\" data-end=\"408\">temps de jeu limit\u00e9<\/strong> et <strong data-start=\"412\" data-end=\"438\">int\u00e9gration compliqu\u00e9e<\/strong>, son passage outre-Atlantique fut aussi bref que frustrant.<\/p>\n<p data-start=\"502\" data-end=\"696\">Avec la carte <strong data-start=\"516\" data-end=\"534\">\u00ab\u00a0French Touch\u00a0\u00bb<\/strong>, SLip revient sur ce chapitre m\u00e9connu du basket fran\u00e7ais en NBA. Une carri\u00e8re brillante en Europe, mais une aventure NBA qui restera une <strong data-start=\"672\" data-end=\"693\">parenth\u00e8se \u00e9clair<\/strong>.<\/p>\n<p data-start=\"698\" data-end=\"850\">\ud83d\udd39 <strong data-start=\"701\" data-end=\"713\">Format :<\/strong> 8,9 x 6,4 cm (style carte de collection)<br data-start=\"754\" data-end=\"757\" \/>\ud83d\udd39 <strong data-start=\"760\" data-end=\"791\">Impression de haute qualit\u00e9<\/strong><br data-start=\"791\" data-end=\"794\" \/>\ud83d\udd39 <strong data-start=\"797\" data-end=\"848\">Exp\u00e9dition prot\u00e9g\u00e9e (sleeve &amp; toploader inclus)<\/strong><\/p>\n<p data-start=\"852\" data-end=\"938\" data-is-last-node=\"\" data-is-only-node=\"\">\ud83c\udfc0 <strong data-start=\"855\" data-end=\"938\" data-is-last-node=\"\">Une carte pour les passionn\u00e9s de basket fran\u00e7ais et d\u2019histoires NBA m\u00e9connues !<\/strong><\/p>\n<p>&nbsp;<\/p>\n<p>&nbsp;<\/p>\n<p>&nbsp;<\/p>\n<p>&nbsp;<\/p>\n<p>&nbsp;<\/p>\n<p>&nbsp;<\/p>\n<p>&nbsp;<\/p>\n<p>&nbsp;<\/p>\n<p>&nbsp;<\/p>\n<p>&nbsp;<\/p>\n","protected":false},"excerpt":{"rendered":"<p>French Touch DD-SLP17 Antoine Rigaudeau, l\u2019un des meilleurs basketteurs fran\u00e7ais de son \u00e9poque, a tent\u00e9 l\u2019aventure NBA en 2003 avec les Dallas Mavericks. Mais entre temps de jeu limit\u00e9 et int\u00e9gration compliqu\u00e9e, son passage outre-Atlantique fut aussi bref que frustrant. Avec la carte \u00ab\u00a0French Touch\u00a0\u00bb, SLip revient sur ce chapitre m\u00e9connu du basket fran\u00e7ais en [&hellip;]<\/p>\n","protected":false},"featured_media":18727,"template":"","meta":{"_crdt_document":"","_uag_custom_page_level_css":"","_swt_meta_header_display":false,"_swt_meta_footer_display":false,"_swt_meta_site_title_display":false,"_swt_meta_sticky_header":false,"_swt_meta_transparent_header":false},"product_brand":[],"product_cat":[5099,5308],"product_tag":[5263,5260,5105,5261,5262],"class_list":{"0":"post-17798","1":"product","2":"type-product","3":"status-publish","4":"has-post-thumbnail","6":"product_cat-cartes-double-double","7":"product_cat-nouveautes","8":"product_tag-antoine","9":"product_tag-dallas","10":"product_tag-doubledouble","11":"product_tag-mavericks","12":"product_tag-rigaudeau","13":"product_shipping_class-cartes","15":"first","16":"outofstock","17":"shipping-taxable","18":"purchasable","19":"product-type-simple"},"uagb_featured_image_src":{"full":["https:\/\/www.iamslip.com\/wp-content\/uploads\/2025\/05\/mockup_carte_slab_frenchtouch.jpg",736,924,false],"thumbnail":["https:\/\/www.iamslip.com\/wp-content\/uploads\/2025\/05\/mockup_carte_slab_frenchtouch-150x150.jpg",150,150,true],"medium":["https:\/\/www.iamslip.com\/wp-content\/uploads\/2025\/05\/mockup_carte_slab_frenchtouch-239x300.jpg",239,300,true],"medium_large":["https:\/\/www.iamslip.com\/wp-content\/uploads\/2025\/05\/mockup_carte_slab_frenchtouch.jpg",736,924,false],"large":["https:\/\/www.iamslip.com\/wp-content\/uploads\/2025\/05\/mockup_carte_slab_frenchtouch.jpg",736,924,false],"1536x1536":["https:\/\/www.iamslip.com\/wp-content\/uploads\/2025\/05\/mockup_carte_slab_frenchtouch.jpg",736,924,false],"2048x2048":["https:\/\/www.iamslip.com\/wp-content\/uploads\/2025\/05\/mockup_carte_slab_frenchtouch.jpg",736,924,false],"woocommerce_thumbnail":["https:\/\/www.iamslip.com\/wp-content\/uploads\/2025\/05\/mockup_carte_slab_frenchtouch-300x300.jpg",300,300,true],"woocommerce_single":["https:\/\/www.iamslip.com\/wp-content\/uploads\/2025\/05\/mockup_carte_slab_frenchtouch-600x753.jpg",600,753,true],"woocommerce_gallery_thumbnail":["https:\/\/www.iamslip.com\/wp-content\/uploads\/2025\/05\/mockup_carte_slab_frenchtouch-100x100.jpg",100,100,true]},"uagb_author_info":{"display_name":"slip","author_link":"https:\/\/www.iamslip.com\/?author=0"},"uagb_comment_info":0,"uagb_excerpt":"French Touch DD-SLP17 Antoine Rigaudeau, l\u2019un des meilleurs basketteurs fran\u00e7ais de son \u00e9poque, a tent\u00e9 l\u2019aventure NBA en 2003 avec les Dallas Mavericks. Mais entre temps de jeu limit\u00e9 et int\u00e9gration compliqu\u00e9e, son passage outre-Atlantique fut aussi bref que frustrant. Avec la carte \u00ab\u00a0French Touch\u00a0\u00bb, SLip revient sur ce chapitre m\u00e9connu du basket fran\u00e7ais en\u2026","_links":{"self":[{"href":"https:\/\/www.iamslip.com\/index.php?rest_route=\/wp\/v2\/product\/17798","targetHints":{"allow":["GET"]}}],"collection":[{"href":"https:\/\/www.iamslip.com\/index.php?rest_route=\/wp\/v2\/product"}],"about":[{"href":"https:\/\/www.iamslip.com\/index.php?rest_route=\/wp\/v2\/types\/product"}],"wp:featuredmedia":[{"embeddable":true,"href":"https:\/\/www.iamslip.com\/index.php?rest_route=\/wp\/v2\/media\/18727"}],"wp:attachment":[{"href":"https:\/\/www.iamslip.com\/index.php?rest_route=%2Fwp%2Fv2%2Fmedia&parent=17798"}],"wp:term":[{"taxonomy":"product_brand","embeddable":true,"href":"https:\/\/www.iamslip.com\/index.php?rest_route=%2Fwp%2Fv2%2Fproduct_brand&post=17798"},{"taxonomy":"product_cat","embeddable":true,"href":"https:\/\/www.iamslip.com\/index.php?rest_route=%2Fwp%2Fv2%2Fproduct_cat&post=17798"},{"taxonomy":"product_tag","embeddable":true,"href":"https:\/\/www.iamslip.com\/index.php?rest_route=%2Fwp%2Fv2%2Fproduct_tag&post=17798"}],"curies":[{"name":"wp","href":"https:\/\/api.w.org\/{rel}","templated":true}]}}