{"id":17795,"date":"2025-03-13T09:06:59","date_gmt":"2025-03-13T08:06:59","guid":{"rendered":"https:\/\/www.iamslip.com\/?post_type=product&#038;p=17795"},"modified":"2025-12-25T20:35:26","modified_gmt":"2025-12-25T19:35:26","slug":"le-magicien","status":"publish","type":"product","link":"https:\/\/www.iamslip.com\/?product=le-magicien","title":{"rendered":"Le Magicien"},"content":{"rendered":"<h2 class=\"product-title\">Le Magicien<\/h2>\n<h3>DD-SLP13<\/h3>\n<p data-start=\"224\" data-end=\"491\">\u00c0 chaque match, <strong data-start=\"240\" data-end=\"255\">Luka Don\u010di\u0107<\/strong> sort un nouveau tour de son chapeau \ud83c\udfa9\ud83c\udfc0. Vision du jeu, dribbles d\u00e9routants, passes millim\u00e9tr\u00e9es ou tirs impossibles\u2026 le prodige slov\u00e8ne semble <strong data-start=\"401\" data-end=\"428\">jouer \u00e0 un autre niveau<\/strong>, d\u00e9fiant les lois du basket avec une facilit\u00e9 d\u00e9concertante.<\/p>\n<p data-start=\"493\" data-end=\"688\">Avec la carte <strong data-start=\"507\" data-end=\"524\">\u00ab\u00a0Le Magicien\u00a0\u00bb<\/strong>, SLip rend hommage \u00e0 son <strong data-start=\"550\" data-end=\"571\">talent hors norme<\/strong>, une fusion entre instinct naturel et cr\u00e9ativit\u00e9 pure. Un v\u00e9ritable spectacle \u00e0 chaque apparition sur le parquet !<\/p>\n<p data-start=\"690\" data-end=\"842\">\ud83d\udd39 <strong data-start=\"693\" data-end=\"705\">Format :<\/strong> 8,9 x 6,4 cm (style carte de collection)<br data-start=\"746\" data-end=\"749\" \/>\ud83d\udd39 <strong data-start=\"752\" data-end=\"783\">Impression de haute qualit\u00e9<\/strong><br data-start=\"783\" data-end=\"786\" \/>\ud83d\udd39 <strong data-start=\"789\" data-end=\"840\">Exp\u00e9dition prot\u00e9g\u00e9e (sleeve &amp; toploader inclus)<\/strong><\/p>\n<p data-start=\"844\" data-end=\"931\" data-is-last-node=\"\" data-is-only-node=\"\">\ud83c\udfc0 <strong data-start=\"847\" data-end=\"931\" data-is-last-node=\"\">Un incontournable pour les fans de Luka et les collectionneurs de magie basket !<\/strong><\/p>\n<p>&nbsp;<\/p>\n<p>&nbsp;<\/p>\n<p>&nbsp;<\/p>\n<p>&nbsp;<\/p>\n<p>&nbsp;<\/p>\n<p>&nbsp;<\/p>\n<p>&nbsp;<\/p>\n<p>&nbsp;<\/p>\n<p>&nbsp;<\/p>\n","protected":false},"excerpt":{"rendered":"<p>Le Magicien DD-SLP13 \u00c0 chaque match, Luka Don\u010di\u0107 sort un nouveau tour de son chapeau \ud83c\udfa9\ud83c\udfc0. Vision du jeu, dribbles d\u00e9routants, passes millim\u00e9tr\u00e9es ou tirs impossibles\u2026 le prodige slov\u00e8ne semble jouer \u00e0 un autre niveau, d\u00e9fiant les lois du basket avec une facilit\u00e9 d\u00e9concertante. Avec la carte \u00ab\u00a0Le Magicien\u00a0\u00bb, SLip rend hommage \u00e0 son talent [&hellip;]<\/p>\n","protected":false},"featured_media":17952,"template":"","meta":{"_crdt_document":"","_uag_custom_page_level_css":"","_swt_meta_header_display":false,"_swt_meta_footer_display":false,"_swt_meta_site_title_display":false,"_swt_meta_sticky_header":false,"_swt_meta_transparent_header":false},"product_brand":[],"product_cat":[5099],"product_tag":[5260,5258,5105,5257,5259,5261],"class_list":{"0":"post-17795","1":"product","2":"type-product","3":"status-publish","4":"has-post-thumbnail","6":"product_cat-cartes-double-double","7":"product_tag-dallas","8":"product_tag-doncic","9":"product_tag-doubledouble","10":"product_tag-luka","11":"product_tag-magicien","12":"product_tag-mavericks","13":"product_shipping_class-cartes","15":"first","16":"instock","17":"shipping-taxable","18":"purchasable","19":"product-type-simple"},"uagb_featured_image_src":{"full":["https:\/\/www.iamslip.com\/wp-content\/uploads\/2025\/03\/DD_LeMagicien.jpg",736,924,false],"thumbnail":["https:\/\/www.iamslip.com\/wp-content\/uploads\/2025\/03\/DD_LeMagicien-150x150.jpg",150,150,true],"medium":["https:\/\/www.iamslip.com\/wp-content\/uploads\/2025\/03\/DD_LeMagicien-239x300.jpg",239,300,true],"medium_large":["https:\/\/www.iamslip.com\/wp-content\/uploads\/2025\/03\/DD_LeMagicien.jpg",736,924,false],"large":["https:\/\/www.iamslip.com\/wp-content\/uploads\/2025\/03\/DD_LeMagicien.jpg",736,924,false],"1536x1536":["https:\/\/www.iamslip.com\/wp-content\/uploads\/2025\/03\/DD_LeMagicien.jpg",736,924,false],"2048x2048":["https:\/\/www.iamslip.com\/wp-content\/uploads\/2025\/03\/DD_LeMagicien.jpg",736,924,false],"woocommerce_thumbnail":["https:\/\/www.iamslip.com\/wp-content\/uploads\/2025\/03\/DD_LeMagicien-300x300.jpg",300,300,true],"woocommerce_single":["https:\/\/www.iamslip.com\/wp-content\/uploads\/2025\/03\/DD_LeMagicien-600x753.jpg",600,753,true],"woocommerce_gallery_thumbnail":["https:\/\/www.iamslip.com\/wp-content\/uploads\/2025\/03\/DD_LeMagicien-100x100.jpg",100,100,true]},"uagb_author_info":{"display_name":"slip","author_link":"https:\/\/www.iamslip.com\/?author=0"},"uagb_comment_info":0,"uagb_excerpt":"Le Magicien DD-SLP13 \u00c0 chaque match, Luka Don\u010di\u0107 sort un nouveau tour de son chapeau \ud83c\udfa9\ud83c\udfc0. Vision du jeu, dribbles d\u00e9routants, passes millim\u00e9tr\u00e9es ou tirs impossibles\u2026 le prodige slov\u00e8ne semble jouer \u00e0 un autre niveau, d\u00e9fiant les lois du basket avec une facilit\u00e9 d\u00e9concertante. Avec la carte \u00ab\u00a0Le Magicien\u00a0\u00bb, SLip rend hommage \u00e0 son talent\u2026","_links":{"self":[{"href":"https:\/\/www.iamslip.com\/index.php?rest_route=\/wp\/v2\/product\/17795","targetHints":{"allow":["GET"]}}],"collection":[{"href":"https:\/\/www.iamslip.com\/index.php?rest_route=\/wp\/v2\/product"}],"about":[{"href":"https:\/\/www.iamslip.com\/index.php?rest_route=\/wp\/v2\/types\/product"}],"wp:featuredmedia":[{"embeddable":true,"href":"https:\/\/www.iamslip.com\/index.php?rest_route=\/wp\/v2\/media\/17952"}],"wp:attachment":[{"href":"https:\/\/www.iamslip.com\/index.php?rest_route=%2Fwp%2Fv2%2Fmedia&parent=17795"}],"wp:term":[{"taxonomy":"product_brand","embeddable":true,"href":"https:\/\/www.iamslip.com\/index.php?rest_route=%2Fwp%2Fv2%2Fproduct_brand&post=17795"},{"taxonomy":"product_cat","embeddable":true,"href":"https:\/\/www.iamslip.com\/index.php?rest_route=%2Fwp%2Fv2%2Fproduct_cat&post=17795"},{"taxonomy":"product_tag","embeddable":true,"href":"https:\/\/www.iamslip.com\/index.php?rest_route=%2Fwp%2Fv2%2Fproduct_tag&post=17795"}],"curies":[{"name":"wp","href":"https:\/\/api.w.org\/{rel}","templated":true}]}}