{"id":17755,"date":"2025-03-12T12:00:36","date_gmt":"2025-03-12T11:00:36","guid":{"rendered":"https:\/\/www.iamslip.com\/?post_type=product&#038;p=17755"},"modified":"2025-03-24T18:34:02","modified_gmt":"2025-03-24T17:34:02","slug":"once-brothers","status":"publish","type":"product","link":"https:\/\/www.iamslip.com\/?product=once-brothers","title":{"rendered":"Once Brothers"},"content":{"rendered":"<h2 class=\"product-title\">Once Brothers<\/h2>\n<h3>DD-SLP34<\/h3>\n<p data-start=\"225\" data-end=\"548\">Inspir\u00e9e de l\u2019histoire poignante de <strong data-start=\"261\" data-end=\"295\">Vlade Divac et Dra\u017een Petrovi\u0107<\/strong>, la carte <strong data-start=\"306\" data-end=\"325\">\u00ab\u00a0Once Brothers\u00a0\u00bb<\/strong> revient sur l\u2019un des r\u00e9cits les plus marquants du basket et de l\u2019Histoire. Co\u00e9quipiers en \u00e9quipe nationale yougoslave avant d\u2019\u00eatre s\u00e9par\u00e9s par la guerre, leur amiti\u00e9 bris\u00e9e symbolise une \u00e9poque de tensions et de regrets.<\/p>\n<p data-start=\"550\" data-end=\"688\">Cette \u0153uvre <strong data-start=\"562\" data-end=\"579\">Double Double<\/strong> sign\u00e9e SLip capture toute la <strong data-start=\"609\" data-end=\"633\">force et la trag\u00e9die<\/strong> de leur relation sur fond de conflit en Yougoslavie.<\/p>\n<p data-start=\"690\" data-end=\"842\">\ud83d\udd39 <strong data-start=\"693\" data-end=\"705\">Format :<\/strong> 8,9 x 6,4 cm (style carte de collection)<br data-start=\"746\" data-end=\"749\" \/>\ud83d\udd39 <strong data-start=\"752\" data-end=\"783\">Impression de haute qualit\u00e9<\/strong><br data-start=\"783\" data-end=\"786\" \/>\ud83d\udd39 <strong data-start=\"789\" data-end=\"840\">Exp\u00e9dition prot\u00e9g\u00e9e (sleeve &amp; toploader inclus)<\/strong><\/p>\n<p data-start=\"844\" data-end=\"908\" data-is-last-node=\"\" data-is-only-node=\"\">\ud83c\udfc0 <strong data-start=\"847\" data-end=\"908\" data-is-last-node=\"\">Une carte charg\u00e9e d\u2019histoire, \u00e0 ajouter \u00e0 ta collection !<\/strong><\/p>\n<p>&nbsp;<\/p>\n<p>&nbsp;<\/p>\n","protected":false},"excerpt":{"rendered":"<p>Once Brothers DD-SLP34 Inspir\u00e9e de l\u2019histoire poignante de Vlade Divac et Dra\u017een Petrovi\u0107, la carte \u00ab\u00a0Once Brothers\u00a0\u00bb revient sur l\u2019un des r\u00e9cits les plus marquants du basket et de l\u2019Histoire. Co\u00e9quipiers en \u00e9quipe nationale yougoslave avant d\u2019\u00eatre s\u00e9par\u00e9s par la guerre, leur amiti\u00e9 bris\u00e9e symbolise une \u00e9poque de tensions et de regrets. Cette \u0153uvre Double [&hellip;]<\/p>\n","protected":false},"featured_media":17963,"template":"","meta":{"_crdt_document":"","_uag_custom_page_level_css":"","_swt_meta_header_display":false,"_swt_meta_footer_display":false,"_swt_meta_site_title_display":false,"_swt_meta_sticky_header":false,"_swt_meta_transparent_header":false},"product_brand":[],"product_cat":[5099],"product_tag":[5206,5126,5105,5233,5234,5133,5141,5132,5235],"class_list":{"0":"post-17755","1":"product","2":"type-product","3":"status-publish","4":"has-post-thumbnail","6":"product_cat-cartes-double-double","7":"product_tag-bird","8":"product_tag-chamberlain","9":"product_tag-doubledouble","10":"product_tag-goat","11":"product_tag-histoire","12":"product_tag-jabbar","13":"product_tag-jordan","14":"product_tag-magic","15":"product_tag-wilt","16":"product_shipping_class-cartes","18":"first","19":"instock","20":"shipping-taxable","21":"purchasable","22":"product-type-simple"},"uagb_featured_image_src":{"full":["https:\/\/www.iamslip.com\/wp-content\/uploads\/2025\/03\/DD_OnceBrothers.jpg",736,924,false],"thumbnail":["https:\/\/www.iamslip.com\/wp-content\/uploads\/2025\/03\/DD_OnceBrothers-150x150.jpg",150,150,true],"medium":["https:\/\/www.iamslip.com\/wp-content\/uploads\/2025\/03\/DD_OnceBrothers-239x300.jpg",239,300,true],"medium_large":["https:\/\/www.iamslip.com\/wp-content\/uploads\/2025\/03\/DD_OnceBrothers.jpg",736,924,false],"large":["https:\/\/www.iamslip.com\/wp-content\/uploads\/2025\/03\/DD_OnceBrothers.jpg",736,924,false],"1536x1536":["https:\/\/www.iamslip.com\/wp-content\/uploads\/2025\/03\/DD_OnceBrothers.jpg",736,924,false],"2048x2048":["https:\/\/www.iamslip.com\/wp-content\/uploads\/2025\/03\/DD_OnceBrothers.jpg",736,924,false],"woocommerce_thumbnail":["https:\/\/www.iamslip.com\/wp-content\/uploads\/2025\/03\/DD_OnceBrothers-300x300.jpg",300,300,true],"woocommerce_single":["https:\/\/www.iamslip.com\/wp-content\/uploads\/2025\/03\/DD_OnceBrothers-600x753.jpg",600,753,true],"woocommerce_gallery_thumbnail":["https:\/\/www.iamslip.com\/wp-content\/uploads\/2025\/03\/DD_OnceBrothers-100x100.jpg",100,100,true]},"uagb_author_info":{"display_name":"slip","author_link":"https:\/\/www.iamslip.com\/?author=0"},"uagb_comment_info":0,"uagb_excerpt":"Once Brothers DD-SLP34 Inspir\u00e9e de l\u2019histoire poignante de Vlade Divac et Dra\u017een Petrovi\u0107, la carte \u00ab\u00a0Once Brothers\u00a0\u00bb revient sur l\u2019un des r\u00e9cits les plus marquants du basket et de l\u2019Histoire. Co\u00e9quipiers en \u00e9quipe nationale yougoslave avant d\u2019\u00eatre s\u00e9par\u00e9s par la guerre, leur amiti\u00e9 bris\u00e9e symbolise une \u00e9poque de tensions et de regrets. Cette \u0153uvre Double\u2026","_links":{"self":[{"href":"https:\/\/www.iamslip.com\/index.php?rest_route=\/wp\/v2\/product\/17755","targetHints":{"allow":["GET"]}}],"collection":[{"href":"https:\/\/www.iamslip.com\/index.php?rest_route=\/wp\/v2\/product"}],"about":[{"href":"https:\/\/www.iamslip.com\/index.php?rest_route=\/wp\/v2\/types\/product"}],"wp:featuredmedia":[{"embeddable":true,"href":"https:\/\/www.iamslip.com\/index.php?rest_route=\/wp\/v2\/media\/17963"}],"wp:attachment":[{"href":"https:\/\/www.iamslip.com\/index.php?rest_route=%2Fwp%2Fv2%2Fmedia&parent=17755"}],"wp:term":[{"taxonomy":"product_brand","embeddable":true,"href":"https:\/\/www.iamslip.com\/index.php?rest_route=%2Fwp%2Fv2%2Fproduct_brand&post=17755"},{"taxonomy":"product_cat","embeddable":true,"href":"https:\/\/www.iamslip.com\/index.php?rest_route=%2Fwp%2Fv2%2Fproduct_cat&post=17755"},{"taxonomy":"product_tag","embeddable":true,"href":"https:\/\/www.iamslip.com\/index.php?rest_route=%2Fwp%2Fv2%2Fproduct_tag&post=17755"}],"curies":[{"name":"wp","href":"https:\/\/api.w.org\/{rel}","templated":true}]}}