{"id":17742,"date":"2025-03-12T09:26:23","date_gmt":"2025-03-12T08:26:23","guid":{"rendered":"https:\/\/www.iamslip.com\/?post_type=product&#038;p=17742"},"modified":"2025-03-21T08:41:29","modified_gmt":"2025-03-21T07:41:29","slug":"not-in-my-house","status":"publish","type":"product","link":"https:\/\/www.iamslip.com\/?product=not-in-my-house","title":{"rendered":"Not in my House"},"content":{"rendered":"<h2><span data-sheets-root=\"1\">Not in my House<\/span><\/h2>\n<h3>DD-SLP09<\/h3>\n<p data-start=\"224\" data-end=\"533\">Une rencontre improbable entre <strong data-start=\"255\" data-end=\"279\">puissance et agilit\u00e9<\/strong> ! La carte <strong data-start=\"291\" data-end=\"321\">DD-SLP09 \u00ab\u00a0Not in My House\u00a0\u00bb<\/strong> met en sc\u00e8ne <strong data-start=\"335\" data-end=\"349\">Mark Eaton<\/strong>, l\u2019un des plus grands contreurs de l\u2019histoire, face \u00e0 <strong data-start=\"404\" data-end=\"417\">Spud Webb<\/strong>, le prodige du dunk malgr\u00e9 son m\u00e8tre soixante-dix. Un hommage au contraste fascinant qui fait la magie du basket.<\/p>\n<p data-start=\"535\" data-end=\"621\">\ud83d\udd25 <strong data-start=\"538\" data-end=\"619\">Une carte qui capture l\u2019essence du jeu : taille vs talent, force vs rapidit\u00e9.<\/strong><\/p>\n<p data-start=\"623\" data-end=\"775\">\ud83d\udd39 <strong data-start=\"626\" data-end=\"638\">Format :<\/strong> 8,9 x 6,4 cm (style carte de collection)<br data-start=\"679\" data-end=\"682\" \/>\ud83d\udd39 <strong data-start=\"685\" data-end=\"716\">Impression de haute qualit\u00e9<\/strong><br data-start=\"716\" data-end=\"719\" \/>\ud83d\udd39 <strong data-start=\"722\" data-end=\"773\">Exp\u00e9dition prot\u00e9g\u00e9e (sleeve &amp; toploader inclus)<\/strong><\/p>\n<p data-start=\"777\" data-end=\"851\" data-is-last-node=\"\" data-is-only-node=\"\">\ud83c\udfc0 <strong data-start=\"780\" data-end=\"851\" data-is-last-node=\"\">Ne laisse pas passer cette pi\u00e8ce unique de la s\u00e9rie Double Double !<\/strong><\/p>\n<p>&nbsp;<\/p>\n<p>&nbsp;<\/p>\n<p>&nbsp;<\/p>\n<p>&nbsp;<\/p>\n<p>&nbsp;<\/p>\n<p>&nbsp;<\/p>\n","protected":false},"excerpt":{"rendered":"<p>Not in my House DD-SLP09 Une rencontre improbable entre puissance et agilit\u00e9 ! La carte DD-SLP09 \u00ab\u00a0Not in My House\u00a0\u00bb met en sc\u00e8ne Mark Eaton, l\u2019un des plus grands contreurs de l\u2019histoire, face \u00e0 Spud Webb, le prodige du dunk malgr\u00e9 son m\u00e8tre soixante-dix. Un hommage au contraste fascinant qui fait la magie du basket. [&hellip;]<\/p>\n","protected":false},"featured_media":17964,"template":"","meta":{"_crdt_document":"","_uag_custom_page_level_css":"","_swt_meta_header_display":false,"_swt_meta_footer_display":false,"_swt_meta_site_title_display":false,"_swt_meta_sticky_header":false,"_swt_meta_transparent_header":false},"product_brand":[],"product_cat":[5099,5307],"product_tag":[5224,5223,5105,5226,5225,5228,5227],"class_list":{"0":"post-17742","1":"product","2":"type-product","3":"status-publish","4":"has-post-thumbnail","6":"product_cat-cartes-double-double","7":"product_cat-coup-de-coeur","8":"product_tag-block","9":"product_tag-contre","10":"product_tag-doubledouble","11":"product_tag-eaton","12":"product_tag-house","13":"product_tag-jazz","14":"product_tag-webb","15":"product_shipping_class-cartes","17":"first","18":"instock","19":"featured","20":"shipping-taxable","21":"purchasable","22":"product-type-simple"},"uagb_featured_image_src":{"full":["https:\/\/www.iamslip.com\/wp-content\/uploads\/2025\/03\/DD_NotInMyHouse.jpg",736,924,false],"thumbnail":["https:\/\/www.iamslip.com\/wp-content\/uploads\/2025\/03\/DD_NotInMyHouse-150x150.jpg",150,150,true],"medium":["https:\/\/www.iamslip.com\/wp-content\/uploads\/2025\/03\/DD_NotInMyHouse-239x300.jpg",239,300,true],"medium_large":["https:\/\/www.iamslip.com\/wp-content\/uploads\/2025\/03\/DD_NotInMyHouse.jpg",736,924,false],"large":["https:\/\/www.iamslip.com\/wp-content\/uploads\/2025\/03\/DD_NotInMyHouse.jpg",736,924,false],"1536x1536":["https:\/\/www.iamslip.com\/wp-content\/uploads\/2025\/03\/DD_NotInMyHouse.jpg",736,924,false],"2048x2048":["https:\/\/www.iamslip.com\/wp-content\/uploads\/2025\/03\/DD_NotInMyHouse.jpg",736,924,false],"woocommerce_thumbnail":["https:\/\/www.iamslip.com\/wp-content\/uploads\/2025\/03\/DD_NotInMyHouse-300x300.jpg",300,300,true],"woocommerce_single":["https:\/\/www.iamslip.com\/wp-content\/uploads\/2025\/03\/DD_NotInMyHouse-600x753.jpg",600,753,true],"woocommerce_gallery_thumbnail":["https:\/\/www.iamslip.com\/wp-content\/uploads\/2025\/03\/DD_NotInMyHouse-100x100.jpg",100,100,true]},"uagb_author_info":{"display_name":"slip","author_link":"https:\/\/www.iamslip.com\/?author=0"},"uagb_comment_info":0,"uagb_excerpt":"Not in my House DD-SLP09 Une rencontre improbable entre puissance et agilit\u00e9 ! La carte DD-SLP09 \u00ab\u00a0Not in My House\u00a0\u00bb met en sc\u00e8ne Mark Eaton, l\u2019un des plus grands contreurs de l\u2019histoire, face \u00e0 Spud Webb, le prodige du dunk malgr\u00e9 son m\u00e8tre soixante-dix. Un hommage au contraste fascinant qui fait la magie du basket.\u2026","_links":{"self":[{"href":"https:\/\/www.iamslip.com\/index.php?rest_route=\/wp\/v2\/product\/17742","targetHints":{"allow":["GET"]}}],"collection":[{"href":"https:\/\/www.iamslip.com\/index.php?rest_route=\/wp\/v2\/product"}],"about":[{"href":"https:\/\/www.iamslip.com\/index.php?rest_route=\/wp\/v2\/types\/product"}],"wp:featuredmedia":[{"embeddable":true,"href":"https:\/\/www.iamslip.com\/index.php?rest_route=\/wp\/v2\/media\/17964"}],"wp:attachment":[{"href":"https:\/\/www.iamslip.com\/index.php?rest_route=%2Fwp%2Fv2%2Fmedia&parent=17742"}],"wp:term":[{"taxonomy":"product_brand","embeddable":true,"href":"https:\/\/www.iamslip.com\/index.php?rest_route=%2Fwp%2Fv2%2Fproduct_brand&post=17742"},{"taxonomy":"product_cat","embeddable":true,"href":"https:\/\/www.iamslip.com\/index.php?rest_route=%2Fwp%2Fv2%2Fproduct_cat&post=17742"},{"taxonomy":"product_tag","embeddable":true,"href":"https:\/\/www.iamslip.com\/index.php?rest_route=%2Fwp%2Fv2%2Fproduct_tag&post=17742"}],"curies":[{"name":"wp","href":"https:\/\/api.w.org\/{rel}","templated":true}]}}