{"id":17618,"date":"2025-03-11T16:59:15","date_gmt":"2025-03-11T15:59:15","guid":{"rendered":"https:\/\/www.iamslip.com\/?post_type=product&#038;p=17618"},"modified":"2025-10-27T14:45:20","modified_gmt":"2025-10-27T13:45:20","slug":"iconic-duo-derrick-rose-joakim-noah","status":"publish","type":"product","link":"https:\/\/www.iamslip.com\/?product=iconic-duo-derrick-rose-joakim-noah","title":{"rendered":"Derrick Rose &#038; Joakim Noah"},"content":{"rendered":"<p data-start=\"193\" data-end=\"463\">Revivez l\u2019\u00e9poque o\u00f9 les <strong data-start=\"217\" data-end=\"234\">Chicago Bulls<\/strong> r\u00e9gnaient sur l\u2019Est avec cette carte <strong data-start=\"272\" data-end=\"286\">Iconic Duo<\/strong>, mettant en avant <strong data-start=\"305\" data-end=\"335\">Derrick Rose &amp; Joakim Noah<\/strong>. Entre explosivit\u00e9 et intensit\u00e9 d\u00e9fensive, ce duo symbolisait la rage de vaincre et l\u2019espoir d\u2019une nouvelle \u00e8re pour Chicago.<\/p>\n<p data-start=\"465\" data-end=\"539\">\ud83d\udd25 <strong data-start=\"468\" data-end=\"537\">Un hommage artistique \u00e0 deux guerriers qui ont marqu\u00e9 les Bulls !<\/strong><\/p>\n<p data-start=\"541\" data-end=\"611\" data-is-last-node=\"\" data-is-only-node=\"\">\ud83d\udccd <strong data-start=\"544\" data-end=\"605\">Parfait pour les collectionneurs et les fans de Chicago !<\/strong> \ud83c\udfc0\ud83d\udd34\u26ab<\/p>\n","protected":false},"excerpt":{"rendered":"<p>Revivez l\u2019\u00e9poque o\u00f9 les Chicago Bulls r\u00e9gnaient sur l\u2019Est avec cette carte Iconic Duo, mettant en avant Derrick Rose &amp; Joakim Noah. Entre explosivit\u00e9 et intensit\u00e9 d\u00e9fensive, ce duo symbolisait la rage de vaincre et l\u2019espoir d\u2019une nouvelle \u00e8re pour Chicago. \ud83d\udd25 Un hommage artistique \u00e0 deux guerriers qui ont marqu\u00e9 les Bulls ! \ud83d\udccd [&hellip;]<\/p>\n","protected":false},"featured_media":17993,"template":"","meta":{"_crdt_document":"","_uag_custom_page_level_css":"","_swt_meta_header_display":false,"_swt_meta_footer_display":false,"_swt_meta_site_title_display":false,"_swt_meta_sticky_header":false,"_swt_meta_transparent_header":false},"product_brand":[],"product_cat":[5119],"product_tag":[5152,5143,5144,5150,5124,5123,5153,5151,5149],"class_list":{"0":"post-17618","1":"product","2":"type-product","3":"status-publish","4":"has-post-thumbnail","6":"product_cat-cartes-nba-duo","7":"product_tag-2010s","8":"product_tag-bulls","9":"product_tag-chicago","10":"product_tag-drose","11":"product_tag-duo","12":"product_tag-iconic","13":"product_tag-mvp","14":"product_tag-noah","15":"product_tag-rose","16":"product_shipping_class-cartes","18":"first","19":"outofstock","20":"shipping-taxable","21":"purchasable","22":"product-type-simple"},"uagb_featured_image_src":{"full":["https:\/\/www.iamslip.com\/wp-content\/uploads\/2025\/03\/duo_rose_noah.jpg",736,924,false],"thumbnail":["https:\/\/www.iamslip.com\/wp-content\/uploads\/2025\/03\/duo_rose_noah-150x150.jpg",150,150,true],"medium":["https:\/\/www.iamslip.com\/wp-content\/uploads\/2025\/03\/duo_rose_noah-239x300.jpg",239,300,true],"medium_large":["https:\/\/www.iamslip.com\/wp-content\/uploads\/2025\/03\/duo_rose_noah.jpg",736,924,false],"large":["https:\/\/www.iamslip.com\/wp-content\/uploads\/2025\/03\/duo_rose_noah.jpg",736,924,false],"1536x1536":["https:\/\/www.iamslip.com\/wp-content\/uploads\/2025\/03\/duo_rose_noah.jpg",736,924,false],"2048x2048":["https:\/\/www.iamslip.com\/wp-content\/uploads\/2025\/03\/duo_rose_noah.jpg",736,924,false],"woocommerce_thumbnail":["https:\/\/www.iamslip.com\/wp-content\/uploads\/2025\/03\/duo_rose_noah-300x300.jpg",300,300,true],"woocommerce_single":["https:\/\/www.iamslip.com\/wp-content\/uploads\/2025\/03\/duo_rose_noah-600x753.jpg",600,753,true],"woocommerce_gallery_thumbnail":["https:\/\/www.iamslip.com\/wp-content\/uploads\/2025\/03\/duo_rose_noah-100x100.jpg",100,100,true]},"uagb_author_info":{"display_name":"slip","author_link":"https:\/\/www.iamslip.com\/?author=0"},"uagb_comment_info":0,"uagb_excerpt":"Revivez l\u2019\u00e9poque o\u00f9 les Chicago Bulls r\u00e9gnaient sur l\u2019Est avec cette carte Iconic Duo, mettant en avant Derrick Rose &amp; Joakim Noah. Entre explosivit\u00e9 et intensit\u00e9 d\u00e9fensive, ce duo symbolisait la rage de vaincre et l\u2019espoir d\u2019une nouvelle \u00e8re pour Chicago. \ud83d\udd25 Un hommage artistique \u00e0 deux guerriers qui ont marqu\u00e9 les Bulls ! \ud83d\udccd\u2026","_links":{"self":[{"href":"https:\/\/www.iamslip.com\/index.php?rest_route=\/wp\/v2\/product\/17618","targetHints":{"allow":["GET"]}}],"collection":[{"href":"https:\/\/www.iamslip.com\/index.php?rest_route=\/wp\/v2\/product"}],"about":[{"href":"https:\/\/www.iamslip.com\/index.php?rest_route=\/wp\/v2\/types\/product"}],"wp:featuredmedia":[{"embeddable":true,"href":"https:\/\/www.iamslip.com\/index.php?rest_route=\/wp\/v2\/media\/17993"}],"wp:attachment":[{"href":"https:\/\/www.iamslip.com\/index.php?rest_route=%2Fwp%2Fv2%2Fmedia&parent=17618"}],"wp:term":[{"taxonomy":"product_brand","embeddable":true,"href":"https:\/\/www.iamslip.com\/index.php?rest_route=%2Fwp%2Fv2%2Fproduct_brand&post=17618"},{"taxonomy":"product_cat","embeddable":true,"href":"https:\/\/www.iamslip.com\/index.php?rest_route=%2Fwp%2Fv2%2Fproduct_cat&post=17618"},{"taxonomy":"product_tag","embeddable":true,"href":"https:\/\/www.iamslip.com\/index.php?rest_route=%2Fwp%2Fv2%2Fproduct_tag&post=17618"}],"curies":[{"name":"wp","href":"https:\/\/api.w.org\/{rel}","templated":true}]}}