{"id":17319,"date":"2025-03-10T09:07:24","date_gmt":"2025-03-10T08:07:24","guid":{"rendered":"https:\/\/www.iamslip.com\/?product=leader"},"modified":"2025-05-17T07:24:02","modified_gmt":"2025-05-17T05:24:02","slug":"leader","status":"publish","type":"product","link":"https:\/\/www.iamslip.com\/?product=leader","title":{"rendered":"Leader"},"content":{"rendered":"<h2>DD-SLP30<\/h2>\n<h3 class=\"product-title\">Leader<\/h3>\n<p data-start=\"231\" data-end=\"490\">D\u00e8s son ann\u00e9e <strong data-start=\"245\" data-end=\"255\">rookie<\/strong>, <strong data-start=\"257\" data-end=\"278\">Victor Wembanyama<\/strong> a prouv\u00e9 qu\u2019il \u00e9tait bien plus qu\u2019un simple prodige. Avec une maturit\u00e9 impressionnante, il a pris les <strong data-start=\"381\" data-end=\"402\">San Antonio Spurs<\/strong> sur ses \u00e9paules, assumant son r\u00f4le de <strong data-start=\"441\" data-end=\"451\">leader<\/strong> aussi bien en attaque qu\u2019en d\u00e9fense.<\/p>\n<p data-start=\"492\" data-end=\"754\">Son <strong data-start=\"496\" data-end=\"542\">jeu polyvalent, son mental et son ambition<\/strong> font de lui un v\u00e9ritable pilier pour l\u2019avenir de la franchise. La carte <strong data-start=\"615\" data-end=\"627\">\u00ab\u00a0Leader\u00a0\u00bb<\/strong> capture cette ascension fulgurante, o\u00f9 <strong data-start=\"667\" data-end=\"676\">Wemby<\/strong> s\u2019impose d\u00e9j\u00e0 comme le visage des Spurs et une force incontournable en NBA.<\/p>\n<p data-start=\"756\" data-end=\"908\">\ud83d\udd39 <strong data-start=\"759\" data-end=\"771\">Format :<\/strong> 8,9 x 6,4 cm (style carte de collection)<br data-start=\"812\" data-end=\"815\" \/>\ud83d\udd39 <strong data-start=\"818\" data-end=\"849\">Impression de haute qualit\u00e9<\/strong><br data-start=\"849\" data-end=\"852\" \/>\ud83d\udd39 <strong data-start=\"855\" data-end=\"906\">Exp\u00e9dition prot\u00e9g\u00e9e (sleeve &amp; toploader inclus)<\/strong><\/p>\n<p data-start=\"910\" data-end=\"1015\" data-is-last-node=\"\" data-is-only-node=\"\">\ud83c\udfc0 <strong data-start=\"913\" data-end=\"1012\">Un futur grand parmi les grands \u2013 une carte essentielle pour les collectionneurs visionnaires !<\/strong> \ud83d\udd25<\/p>\n<p>&nbsp;<\/p>\n","protected":false},"excerpt":{"rendered":"<p>DD-SLP30 Leader D\u00e8s son ann\u00e9e rookie, Victor Wembanyama a prouv\u00e9 qu\u2019il \u00e9tait bien plus qu\u2019un simple prodige. Avec une maturit\u00e9 impressionnante, il a pris les San Antonio Spurs sur ses \u00e9paules, assumant son r\u00f4le de leader aussi bien en attaque qu\u2019en d\u00e9fense. Son jeu polyvalent, son mental et son ambition font de lui un v\u00e9ritable [&hellip;]<\/p>\n","protected":false},"featured_media":18069,"template":"","meta":{"_crdt_document":"","_uag_custom_page_level_css":"","_swt_meta_header_display":false,"_swt_meta_footer_display":false,"_swt_meta_site_title_display":false,"_swt_meta_sticky_header":false,"_swt_meta_transparent_header":false},"product_brand":[],"product_cat":[5099],"product_tag":[5105,5201,5127,5185,5184],"class_list":{"0":"post-17319","1":"product","2":"type-product","3":"status-publish","4":"has-post-thumbnail","6":"product_cat-cartes-double-double","7":"product_tag-doubledouble","8":"product_tag-leader","9":"product_tag-spurs","10":"product_tag-wembanyama","11":"product_tag-wemby","12":"product_shipping_class-cartes","14":"first","15":"instock","16":"shipping-taxable","17":"purchasable","18":"product-type-simple"},"uagb_featured_image_src":{"full":["https:\/\/www.iamslip.com\/wp-content\/uploads\/2025\/03\/mockup_carte_slab1.jpg",736,924,false],"thumbnail":["https:\/\/www.iamslip.com\/wp-content\/uploads\/2025\/03\/mockup_carte_slab1-150x150.jpg",150,150,true],"medium":["https:\/\/www.iamslip.com\/wp-content\/uploads\/2025\/03\/mockup_carte_slab1-239x300.jpg",239,300,true],"medium_large":["https:\/\/www.iamslip.com\/wp-content\/uploads\/2025\/03\/mockup_carte_slab1.jpg",736,924,false],"large":["https:\/\/www.iamslip.com\/wp-content\/uploads\/2025\/03\/mockup_carte_slab1.jpg",736,924,false],"1536x1536":["https:\/\/www.iamslip.com\/wp-content\/uploads\/2025\/03\/mockup_carte_slab1.jpg",736,924,false],"2048x2048":["https:\/\/www.iamslip.com\/wp-content\/uploads\/2025\/03\/mockup_carte_slab1.jpg",736,924,false],"woocommerce_thumbnail":["https:\/\/www.iamslip.com\/wp-content\/uploads\/2025\/03\/mockup_carte_slab1-300x300.jpg",300,300,true],"woocommerce_single":["https:\/\/www.iamslip.com\/wp-content\/uploads\/2025\/03\/mockup_carte_slab1-600x753.jpg",600,753,true],"woocommerce_gallery_thumbnail":["https:\/\/www.iamslip.com\/wp-content\/uploads\/2025\/03\/mockup_carte_slab1-100x100.jpg",100,100,true]},"uagb_author_info":{"display_name":"slip","author_link":"https:\/\/www.iamslip.com\/?author=0"},"uagb_comment_info":0,"uagb_excerpt":"DD-SLP30 Leader D\u00e8s son ann\u00e9e rookie, Victor Wembanyama a prouv\u00e9 qu\u2019il \u00e9tait bien plus qu\u2019un simple prodige. Avec une maturit\u00e9 impressionnante, il a pris les San Antonio Spurs sur ses \u00e9paules, assumant son r\u00f4le de leader aussi bien en attaque qu\u2019en d\u00e9fense. Son jeu polyvalent, son mental et son ambition font de lui un v\u00e9ritable\u2026","_links":{"self":[{"href":"https:\/\/www.iamslip.com\/index.php?rest_route=\/wp\/v2\/product\/17319","targetHints":{"allow":["GET"]}}],"collection":[{"href":"https:\/\/www.iamslip.com\/index.php?rest_route=\/wp\/v2\/product"}],"about":[{"href":"https:\/\/www.iamslip.com\/index.php?rest_route=\/wp\/v2\/types\/product"}],"wp:featuredmedia":[{"embeddable":true,"href":"https:\/\/www.iamslip.com\/index.php?rest_route=\/wp\/v2\/media\/18069"}],"wp:attachment":[{"href":"https:\/\/www.iamslip.com\/index.php?rest_route=%2Fwp%2Fv2%2Fmedia&parent=17319"}],"wp:term":[{"taxonomy":"product_brand","embeddable":true,"href":"https:\/\/www.iamslip.com\/index.php?rest_route=%2Fwp%2Fv2%2Fproduct_brand&post=17319"},{"taxonomy":"product_cat","embeddable":true,"href":"https:\/\/www.iamslip.com\/index.php?rest_route=%2Fwp%2Fv2%2Fproduct_cat&post=17319"},{"taxonomy":"product_tag","embeddable":true,"href":"https:\/\/www.iamslip.com\/index.php?rest_route=%2Fwp%2Fv2%2Fproduct_tag&post=17319"}],"curies":[{"name":"wp","href":"https:\/\/api.w.org\/{rel}","templated":true}]}}