{"id":17310,"date":"2025-03-10T09:07:23","date_gmt":"2025-03-10T08:07:23","guid":{"rendered":"https:\/\/www.iamslip.com\/?product=icon-jordan"},"modified":"2025-10-17T19:48:37","modified_gmt":"2025-10-17T17:48:37","slug":"icon-jordan","status":"publish","type":"product","link":"https:\/\/www.iamslip.com\/?product=icon-jordan","title":{"rendered":"Icon Jordan"},"content":{"rendered":"<h2>DD-SLP37<\/h2>\n<h3 class=\"product-title\">Icon Jordan<\/h3>\n<p data-start=\"230\" data-end=\"621\"><strong data-start=\"230\" data-end=\"248\">Michael Jordan<\/strong> n\u2019est pas seulement le plus grand joueur de tous les temps, il est une <strong data-start=\"320\" data-end=\"339\">v\u00e9ritable ic\u00f4ne<\/strong> du basket et du sport en g\u00e9n\u00e9ral. Cette carte fait partie d\u2019une <strong data-start=\"404\" data-end=\"439\">s\u00e9rie exclusive de trois cartes<\/strong>, o\u00f9 les l\u00e9gendes des ann\u00e9es 80 \u2014 <strong data-start=\"473\" data-end=\"498\">Bird, Magic et Jordan<\/strong> \u2014 sont r\u00e9interpr\u00e9t\u00e9es dans le style des <strong data-start=\"539\" data-end=\"556\">ic\u00f4nes russes<\/strong>, symbolisant leur impact quasi sacr\u00e9 sur l\u2019histoire de la NBA.<\/p>\n<p data-start=\"623\" data-end=\"862\"><strong data-start=\"623\" data-end=\"640\">\u00ab\u00a0Icon Jordan\u00a0\u00bb<\/strong> capture la <strong data-start=\"652\" data-end=\"677\">d\u00e9termination absolue<\/strong>, le charisme et l\u2019aura in\u00e9gal\u00e9e d\u2019un joueur qui a red\u00e9fini la notion de comp\u00e9titivit\u00e9. Plus qu\u2019une simple carte, c\u2019est une <strong data-start=\"801\" data-end=\"859\">pi\u00e8ce de collection d\u00e9di\u00e9e \u00e0 l\u2019h\u00e9ritage de His Airness<\/strong>.<\/p>\n<p data-start=\"864\" data-end=\"1072\">\ud83d\udd39 <strong data-start=\"867\" data-end=\"917\">S\u00e9rie limit\u00e9e (3 cartes : Bird, Magic, Jordan)<\/strong><br data-start=\"917\" data-end=\"920\" \/>\ud83d\udd39 <strong data-start=\"923\" data-end=\"935\">Format :<\/strong> 8,9 x 6,4 cm (style carte de collection)<br data-start=\"976\" data-end=\"979\" \/>\ud83d\udd39 <strong data-start=\"982\" data-end=\"1013\">Impression de haute qualit\u00e9<\/strong><br data-start=\"1013\" data-end=\"1016\" \/>\ud83d\udd39 <strong data-start=\"1019\" data-end=\"1070\" data-is-only-node=\"\">Exp\u00e9dition prot\u00e9g\u00e9e (sleeve &amp; toploader inclus)<\/strong><\/p>\n<p data-start=\"1074\" data-end=\"1156\" data-is-last-node=\"\" data-is-only-node=\"\">\ud83c\udfc0 <strong data-start=\"1077\" data-end=\"1151\">Un incontournable pour tous les fans de Jordan et du basket mythique !<\/strong> \ud83d\udd25\ud83d\udc51<\/p>\n<p>&nbsp;<\/p>\n","protected":false},"excerpt":{"rendered":"<p>DD-SLP37 Icon Jordan Michael Jordan n\u2019est pas seulement le plus grand joueur de tous les temps, il est une v\u00e9ritable ic\u00f4ne du basket et du sport en g\u00e9n\u00e9ral. Cette carte fait partie d\u2019une s\u00e9rie exclusive de trois cartes, o\u00f9 les l\u00e9gendes des ann\u00e9es 80 \u2014 Bird, Magic et Jordan \u2014 sont r\u00e9interpr\u00e9t\u00e9es dans le style [&hellip;]<\/p>\n","protected":false},"featured_media":18074,"template":"","meta":{"_crdt_document":"","_uag_custom_page_level_css":"","_swt_meta_header_display":false,"_swt_meta_footer_display":false,"_swt_meta_site_title_display":false,"_swt_meta_sticky_header":false,"_swt_meta_transparent_header":false},"product_brand":[],"product_cat":[5099],"product_tag":[5143,5144,5105,5207,5141],"class_list":{"0":"post-17310","1":"product","2":"type-product","3":"status-publish","4":"has-post-thumbnail","6":"product_cat-cartes-double-double","7":"product_tag-bulls","8":"product_tag-chicago","9":"product_tag-doubledouble","10":"product_tag-icon","11":"product_tag-jordan","12":"product_shipping_class-cartes","14":"first","15":"instock","16":"shipping-taxable","17":"purchasable","18":"product-type-simple"},"uagb_featured_image_src":{"full":["https:\/\/www.iamslip.com\/wp-content\/uploads\/2025\/03\/mockup_carte_slab5.jpg",736,924,false],"thumbnail":["https:\/\/www.iamslip.com\/wp-content\/uploads\/2025\/03\/mockup_carte_slab5-150x150.jpg",150,150,true],"medium":["https:\/\/www.iamslip.com\/wp-content\/uploads\/2025\/03\/mockup_carte_slab5-239x300.jpg",239,300,true],"medium_large":["https:\/\/www.iamslip.com\/wp-content\/uploads\/2025\/03\/mockup_carte_slab5.jpg",736,924,false],"large":["https:\/\/www.iamslip.com\/wp-content\/uploads\/2025\/03\/mockup_carte_slab5.jpg",736,924,false],"1536x1536":["https:\/\/www.iamslip.com\/wp-content\/uploads\/2025\/03\/mockup_carte_slab5.jpg",736,924,false],"2048x2048":["https:\/\/www.iamslip.com\/wp-content\/uploads\/2025\/03\/mockup_carte_slab5.jpg",736,924,false],"woocommerce_thumbnail":["https:\/\/www.iamslip.com\/wp-content\/uploads\/2025\/03\/mockup_carte_slab5-300x300.jpg",300,300,true],"woocommerce_single":["https:\/\/www.iamslip.com\/wp-content\/uploads\/2025\/03\/mockup_carte_slab5-600x753.jpg",600,753,true],"woocommerce_gallery_thumbnail":["https:\/\/www.iamslip.com\/wp-content\/uploads\/2025\/03\/mockup_carte_slab5-100x100.jpg",100,100,true]},"uagb_author_info":{"display_name":"slip","author_link":"https:\/\/www.iamslip.com\/?author=0"},"uagb_comment_info":0,"uagb_excerpt":"DD-SLP37 Icon Jordan Michael Jordan n\u2019est pas seulement le plus grand joueur de tous les temps, il est une v\u00e9ritable ic\u00f4ne du basket et du sport en g\u00e9n\u00e9ral. Cette carte fait partie d\u2019une s\u00e9rie exclusive de trois cartes, o\u00f9 les l\u00e9gendes des ann\u00e9es 80 \u2014 Bird, Magic et Jordan \u2014 sont r\u00e9interpr\u00e9t\u00e9es dans le style\u2026","_links":{"self":[{"href":"https:\/\/www.iamslip.com\/index.php?rest_route=\/wp\/v2\/product\/17310","targetHints":{"allow":["GET"]}}],"collection":[{"href":"https:\/\/www.iamslip.com\/index.php?rest_route=\/wp\/v2\/product"}],"about":[{"href":"https:\/\/www.iamslip.com\/index.php?rest_route=\/wp\/v2\/types\/product"}],"wp:featuredmedia":[{"embeddable":true,"href":"https:\/\/www.iamslip.com\/index.php?rest_route=\/wp\/v2\/media\/18074"}],"wp:attachment":[{"href":"https:\/\/www.iamslip.com\/index.php?rest_route=%2Fwp%2Fv2%2Fmedia&parent=17310"}],"wp:term":[{"taxonomy":"product_brand","embeddable":true,"href":"https:\/\/www.iamslip.com\/index.php?rest_route=%2Fwp%2Fv2%2Fproduct_brand&post=17310"},{"taxonomy":"product_cat","embeddable":true,"href":"https:\/\/www.iamslip.com\/index.php?rest_route=%2Fwp%2Fv2%2Fproduct_cat&post=17310"},{"taxonomy":"product_tag","embeddable":true,"href":"https:\/\/www.iamslip.com\/index.php?rest_route=%2Fwp%2Fv2%2Fproduct_tag&post=17310"}],"curies":[{"name":"wp","href":"https:\/\/api.w.org\/{rel}","templated":true}]}}